base 8) to base 4
3
-3 (base 15) to base 3
-10
Convert 5 (base 14) to base 11.
5
What is 4 (base 5) in base 2?
100
Convert -11 (base 3) to base 6.
-4
1101 (base 2) to base 11
12
Convert 2 (base 16) to base 9.
2
What is -62 (base 15) in base 9?
-112
Convert -9c (base 13) to base 11.
-108
What is 36 (base 7) in base 10?
27
Convert -20222 (base 3) to base 4.
-2330
3 (base 16) to base 9
3
3 (base 6) to base 14
3
What is -8 (base 12) in base 4?
-20
Convert -10010101 (base 2) to base 15.
-9e
What is -11 (base 2) in base 14?
-3
-20 (base 9) to base 4
-102
What is -a (base 11) in base 8?
-12
What is 70 (base 8) in base 9?
62
Convert -c (base 13) to base 6.
-20
Convert 100 (base 2) to base 10.
4
-53 (base 7) to base 6
-102
-1 (base 3) to base 7
-1
Convert -100 (base 2) to base 7.
-4
Convert 12 (base 14) to base 7.
22
Convert 1 (base 5) to base 13.
1
Convert 521 (base 7) to base 14.
148
-14 (base 5) to base 3
-100
-1 (base 14) to base 3
-1
9 (base 13) to base 3
100
9 (base 14) to base 2
1001
35 (base 7) to base 6
42
What is -1 (base 6) in base 5?
-1
4 (base 15) to base 16
4
aa (base 14) to base 3
12120
What is -1 (base 16) in base 13?
-1
What is -12001 (base 3) in base 13?
-a6
What is 6 (base 12) in base 3?
20
Convert 16 (base 10) to base 11.
15
What is -a (base 14) in base 6?
-14
What is 11 (base 8) in base 6?
13
Convert 37 (base 11) to base 3.
1111
-4 (base 9) to base 16
-4
Convert -1 (base 10) to base 16.
-1
51 (base 12) to base 6
141
Convert -2 (base 13) to base 3.
-2
What is 1 (base 11) in base 16?
1
-b (base 15) to base 16
-b
What is -4 (base 15) in base 12?
-4
What is -2 (base 8) in base 10?
-2
Convert 1 (base 6) to base 3.
1
What is -13 (base 10) in base 15?
-d
-254 (base 11) to base 12
-211
What is -3 (base 9) in base 16?
-3
What is 27 (base 15) in base 6?
101
2 (base 12) to base 5
2
95 (base 13) to base 16
7a
-8 (base 14) to base 15
-8
Convert 202 (base 5) to base 11.
48
What is -ab (base 13) in base 8?
-215
-37 (base 9) to base 2
-100010
Convert -38 (base 10) to base 13.
-2c
Convert -212 (base 6) to base 7.
-143
Convert -202 (base 8) to base 9.
-154
-bb (base 16) to base 2
-10111011
Convert 100000 (base 3) to base 9.
300
30 (base 7) to base 5
41
-3 (base 8) to base 4
-3
What is 18 (base 14) in base 2?
10110
Convert 10001 (base 2) to base 13.
14
-10 (base 11) to base 5
-21
-196 (base 16) to base 4
-12112
Convert b (base 12) to base 7.
14
6 (base 10) to base 6
10
Convert -7 (base 10) to base 16.
-7
What is 313 (base 9) in base 4?
3333
-9 (base 12) to base 8
-11
What is -2 (base 4) in base 6?
-2
What is 12 (base 10) in base 16?
c
What is -3 (base 7) in base 2?
-11
e (base 15) to base 2
1110
1211 (base 3) to base 5
144
Convert -a (base 11) to base 3.
-101
What is -2 (base 11) in base 9?
-2
Convert 3 (base 6) to base 16.
3
What is 3 (base 6) in base 15?
3
Convert -1 (base 14) to base 7.
-1
Convert -10 (base 5) to base 13.
-5
What is 5 (base 16) in base 15?
5
What is -2 (base 3) in base 16?
-2
What is 0 (base 6) in base 9?
0
What is -4 (base 9) in base 10?
-4
-3 (base 13) to base 3
-10
-1203 (base 5) to base 7
-343
What is 7 (base 8) in base 9?
7
-10 (base 4) to base 8
-4
What is 56 (base 8) in base 14?
34
What is -31 (base 7) in base 6?
-34
Convert 4 (base 14) to base 10.
4
What is 1 (base 7) in base 16?
1
4 (base 16) to base 12
4
What is 427 (base 9) in base 6?
1341
What is 28 (base 15) in base 8?
46
Convert -4b (base 13) to base 5.
-223
4 (base 14) to base 7
4
What is 48 (base 9) in base 10?
44
Convert -7 (base 11) to base 8.
-7
Convert a1 (base 12) to base 8.
171
What is 34 (base 8) in base 15?
1d
Convert 8 (base 9) to base 8.
10
16 (base 8) to base 14
10
-1011 (base 2) to base 3
-102
101 (base 2) to base 12
5
Convert 531 (base 6) to base 10.
199
-4 (base 15) to base 5
-4
Convert -10011 (base 2) to base 14.
-15
What is -77 (base 12) in base 7?
-160
4 (base 11) to base 15
4
What is -2a (base 14) in base 7?
-53
What is -551 (base 6) in base 10?
-211
Convert -662 (base 7) to base 10.
-338
-31 (base 4) to base 13
-10
31 (base 4) to base 3
111
Convert -313 (base 4) to base 16.
-37
What is -12a (base 11) in base 6?
-413
Convert -5 (base 15) to base 16.
-5
Convert 5 (base 13) to base 5.
10
Convert -73 (base 8) to base 5.
-214
Convert -100 (base 3) to base 7.
-12
Convert -32 (base 6) to base 8.
-24
Convert -100 (base 2) to base 6.
-4
What is -3 (base 5) in base 11?
-3
What is 2 (base 10) in base 5?
2
251 (base 7) to base 9
158
What is -32 (base 4) in base 10?
-14
14 (base 11) to base 13
12
8 (base 11) to base 8
10
1 (base 11) to base 6
1
4 (base 7) to base 6
4
Convert 0 (base 16) to base 5.
0
Convert 8c (base 15) to base 8.
204
2 (base 4) to base 6
2
Convert 41 (base 14) to base 6.
133
What is 103 (base 4) in base 8?
23
What is -10 (base 11) in base 5?
-21
What is -2 (base 15) in base 7?
-2
What is 1200 (base 4) in base 8?
140
Convert -8 (base 10) to base 16.
-8
Convert -13 (base 4) to base 16.
-7
Convert 30 (base 13) to base 14.
2b
-243 (base 5) to base 11
-67
-8 (base 13) to base 7
-11
What is -11000 (base 2) in base 3?
-220
What is 24 (base 5) in base 14?
10
Convert 133 (base 6) to base 16.
39
What is -44 (base 10) in base 6?
-112
Convert 2 (base 11) to base 5.
2
3 (base 8) to base 4
3
What is -4 (base 11) in base 10?
-4
What is -26 (base 14) in base 12?
-2a
What is 112 (base 3) in base 6?
22
2 (base 9) to base 12
2
Convert 213 (base 5) to base 15.
3d
-6 (base 8) to base 3
-20
What is -1043 (base 5) in base 8?
-224
Convert -120 (base 3) to base 8.
-17
Convert -103 (base 4) to base 13.
-16
Convert -13 (base 13) to base 16.
-10
What is -10202 (base 3) in base 14?
-73
-22 (base 8) to base 4
-102
-45 (base 6) to base 7
-41
1000 (base 2) to base 15
8
-3 (base 10) to base 4
-3
What is -35 (base 9) in base 5?
-112
What is -103 (base 5) in base 10?
-28
Convert -10 (base 6) to base 5.
-11
3 (base 15) to base 2
11
-303 (base 6) to base 3
-11010
What is 16 (base 14) in base 15?
15
2 (base 13) to base 11
2
What is 32 (base 16) in base 5?
200
26 (base 7) to base 4
110
Convert -1 (base 6) to base 13.
-1
Convert 11 (base 13) to base 8.
16
What is -111 (base 8) in base 11?
-67
-22 (base 5) to base 7
-15
What is -304 (base 5) in base 11?
-72
What is 10 (base 5) in base 2?
101
What is -1313 (base 4) in base 7?
-230
What is 5 (base 15) in base 11?
5
-9 (base 16) to base 6
-13
What is -1122 (base 5) in base 13?
-c6
Convert 1d (base 14) to base 12.
23
What is 1 (base 2) in base 4?
1
2 (base 8) to base 11
2
Convert -111 (base 5) to base 9.
-34
What is -13 (base 7) in base 13?
-a
What is -6a (base 16) in base 11?
-97
Convert 10 (base 14) to base 12.
12
-6 (base 15) to base 14
-6
What is 0 (base 12) in base 2?
0
Convert -62 (base 13) to base 12.
-68
What is 202 (base 5) in base 3?
1221
What is -56 (base 8) in base 14?
-34
What is -130 (base 5) in base 11?
-37
a (base 13) to base 8
12
-325 (base 7) to base 12
-11a
What is 9 (base 10) in base 8?
11
-5 (base 12) to base 5
-10
Convert 110 (base 2) to base 4.
12
1 (base 13) to base 9
1
7 (base 16) to base 4
13
Convert -11 (base 4) to base 10.
-5
What is -43 (base 5) in base 9?
-25
What is -71 (base 8) in base 4?
-321
-a (base 14) to base 4
-22
-4 (base 13) to base 5
-4
-24 (base 6) to base 12
-14
What is -10 (base 4) in base 6?
-4
0 (base 12) to base 13
0
What is -5 (base 8) in base 15?
-5
2a (base 13) to base 15
26
Convert 1 (base 7) to base 4.
1
What is 0 (base 9) in base 10?
0
Convert -66 (base 8) to base 7.
-105
What is 221 (base 10) in base 2?
11011101
Convert -1011 (base 2) to base 12.
-b
4 (base 15) to base 5
4
What is 6 (base 9) in base 13?
6
Convert -20 (base 12) to base 4.
-120
Convert -5 (base 10) to base 2.
-101
What is -2 (base 8) in base 6?
-2
-111 (base 3) to base 14
-d
-1 (base 7) to base 11
-1
b0 (base 16) to base 12
128
What is 20 (base 3) in base 6?
10
What is 1 (base 5) in base 4?
1
What is -6 (base 10) in base 9?
-6
Convert -33 (base 6) to base 5.
-41
15 (base 12) to base 14
13
0 (base 3) to base 16
0
What is -7 (base 15) in base 9?
-7
What is 1 (base 10) in base 9?
1
What is 444 (base 5) in base 3?
11121
Convert 25 (base 6) to base 12.
15
Convert 1021 (base 4) to base 7.
133
What is -11 (base 12) in base 10?
-13
What is -12012 (base 3) in base 16?
-8c
Convert 5 (base 14) to base 16.
5
What is -3 (base